1).
6
Let s(x) = -x**3 + 7*x**2 - 10*x + 13. Determine s(5).
13
Let f(z) = -5*z - 15. Give f(-3).
0
Let m(r) = r**2 + 18*r - 43. Determine m(-18).
-43
Let k(j) = -44*j**2 + 2*j - 2. Give k(1).
-44
Let n(m) = 2*m - 10. Determine n(4).
-2
Let s(c) = -c**3 - 7*c**2 - 1. Determine s(-7).
-1
Let h(k) = k**2 - 16*k + 16. Calculate h(11).
-39
Let h(w) = -w**2 - 10*w - 21. Give h(-6).
3
Let k(o) = o**3 + 6*o**2 + 4*o + 13. Calculate k(-6).
-11
Let w(l) = l**2 + 18*l + 17. Determine w(-17).
0
Let z(w) = 4*w**2 - 8*w + 1. Give z(1).
-3
Let h(b) = -12*b**2 - b. Give h(-1).
-11
Let c(n) = -2*n**3 - n**2 + n - 4. Calculate c(-2).
6
Let u(q) = 31*q + 98. Give u(-3).
5
Let z(q) = -8*q**3 - 7*q + 6. What is z(1)?
-9
Let m(p) = -p**3 + 7*p**2 - 13*p + 47. Calculate m(7).
-44
Let r(u) = -2*u - 19. Give r(-9).
-1
Let v(h) = 2*h**3 + 4*h**2 + 4*h + 3. Calculate v(-2).
-5
Let d(q) = -2*q**2 - 227*q + 460. What is d(2)?
-2
Let o(c) = -c**3 + c**2 + c - 4. Give o(0).
-4
Let i(s) = -2*s**2 + 14*s + 47. Calculate i(9).
11
Let u(b) = -b**2 - 5*b + 9. Calculate u(-7).
-5
Let u(o) = -13*o - 14. Determine u(-1).
-1
Let k(i) = 8*i + 18. Calculate k(-4).
-14
Let v(s) = -s**2 + s - 37. What is v(5)?
-57
Let f(u) = -u**3 + 7*u**2 - 7*u + 13. What is f(5)?
28
Let t(q) = -q**2 - 6*q + 4. Calculate t(-5).
9
Let c(u) = 4*u**2 + 13*u + 2. What is c(-6)?
68
Let q(d) = 27*d - 78. Determine q(4).
30
Let w(y) = -y**3 - 6*y**2 - 12*y - 8. What is w(-4)?
8
Let s(c) = -c**2 - 5*c + 17. Give s(-5).
17
Let i(a) = -a**3 - a**2 + a - 3. What is i(-3)?
12
Let p(l) = l**3 + 10*l**2 - 12*l - 5. What is p(-11)?
6
Let c(b) = 23*b + 179. Calculate c(-7).
18
Let a(y) = y**3 - 13*y**2 + 15*y - 1. What is a(11)?
-78
Let n(r) = 5*r + 49. Give n(-8).
9
Let a(q) = -12*q**3 - q**2. Give a(1).
-13
Let u(f) = -4*f**2 - 28*f - 2. Calculate u(-7).
-2
Let q(a) = -9*a - 51. Give q(-6).
3
Let y(o) = 3*o**2 - 2*o - 1. What is y(2)?
7
Let i(a) = 3*a. What is i(-13)?
-39
Let l(x) = 7*x**2 - 12*x + 6. Determine l(3).
33
Let u(h) = 4*h - 47. Give u(11).
-3
Let g(j) = -j**2 + 8*j - 1. Give g(8).
-1
Let a(q) = q**2 - 31*q + 106. Calculate a(26).
-24
Let m(g) = -12*g**2 - 2*g + 2. Calculate m(2).
-50
Let o(u) = u**2 - 11*u + 30. Give o(8).
6
Let z(n) = -2*n**2 - n + 7. Determine z(2).
-3
Let u(r) = -7*r - 1. What is u(-2)?
13
Let x(g) = 11*g + 59. Give x(-6).
-7
Let j(h) = -h**3 + h**2 - h + 10. Give j(0).
10
Let h(r) = 2*r**2 + 5*r + 4. What is h(-4)?
16
Let h(r) = 6*r + 7. What is h(-2)?
-5
Let u(d) = -d**2 + 8*d - 6. Calculate u(5).
9
Let w(t) = -11*t**3 - t**2 + 2*t - 1. Determine w(1).
-11
Let t(l) = 10*l**3 + l**2 - l. Calculate t(1).
10
Let u(v) = -2*v**2 + 2*v - 3. Calculate u(2).
-7
Let n(c) = 2*c - 30. Determine n(0).
-30
Let s(g) = -g**2 + 15*g - 18. Give s(15).
-18
Let a(p) = 8*p - 43. Calculate a(6).
5
Let f(a) = -11*a**3 - 4*a**2 + 9*a - 6. Give f(1).
-12
Let w(a) = 6*a - 8. Calculate w(7).
34
Let z(k) = k + 7. Give z(-4).
3
Let i(v) = -7*v - 3. Calculate i(1).
-10
Let v(q) = -q**3 + 5*q**2 - 3*q + 19. What is v(6)?
-35
Let f(o) = -5*o + 12. What is f(-9)?
57
Let t(y) = 3*y**2 + 7*y + 6. Determine t(-4).
26
Let g(c) = 6*c**2 - 2*c. Determine g(1).
4
Let b(u) = -74*u - 75. What is b(-1)?
-1
Let n(x) = 4*x - 18. Give n(6).
6
Let w(h) = -h**3 - h**2 + 2*h - 1. What is w(-4)?
39
Let t(f) = 2*f**2 + 59*f - 377. Calculate t(-35).
8
Let k(t) = t**3 + 5*t**2 - 7*t - 2. Determine k(-6).
4
Let h(j) = -j**3 - 32*j**2 + 31*j - 52. Determine h(-33).
14
Let z(d) = 9*d + 11. Calculate z(-2).
-7
Let j(t) = t**3 - 7*t**2 + t - 2. Determine j(7).
5
Let g(j) = -j**2 + 28*j + 138. Calculate g(33).
-27
Let i(m) = -m**3 + 11*m**2 + 26*m - 16. Determine i(13).
-16
Let y(p) = -4*p**2 - p + 1. Determine y(-2).
-13
Let q(f) = 2*f**3 + 3*f**2 + f + 4. Calculate q(-2).
-2
Let t(r) = 5*r + 35. Determine t(-7).
0
Let z(l) = 15*l - 12. Calculate z(2).
18
Let c(h) = h**2 - 5*h + 3. Determine c(7).
17
Let u(d) = -5*d - 19. Give u(-3).
-4
Let c(m) = -32*m. What is c(4)?
-128
Let c(l) = -3*l - 3. Give c(9).
-30
Let a(h) = -h**3 + 10*h**2 + 2*h - 10. What is a(10)?
10
Let s(g) = 2*g**2 - 2*g - 2. Determine s(-4).
38
Let c(b) = b**3 - b**2 - 3*b + 1. Give c(2).
-1
Let b(j) = 4*j**3 + j**2 - 2*j + 1. What is b(1)?
4
Let f(x) = -2*x**2 + 17*x - 14. Determine f(5).
21
Let y(w) = -7*w - 1. Calculate y(7).
-50
Let n(y) = 4*y**2 + 16*y + 6. Determine n(-4).
6
Let z(m) = m**2 + 12*m + 2. Calculate z(-8).
-30
Let u(v) = 9*v**2 - 2*v + 6. Determine u(2).
38
Let o(x) = -x**2 - 20*x + 43. Calculate o(-22).
-1
Let z(o) = -8*o - 2. Give z(-3).
22
Let c(h) = 6*h - 39. Calculate c(7).
3
Let y(q) = -3*q**2 - 76*q + 49. Determine y(-26).
-3
Let k(g) = 32*g**3 - 2*g**2 - 2*g + 4. What is k(1)?
32
Let s(f) = f**3 + 11*f**2 - f + 14. What is s(-11)?
25
Let j(u) = -4*u**2 + 73*u + 63. Determine j(19).
6
Let x(z) = -z**3 - 14*z**2 - 16*z + 22. What is x(-12)?
-74
Let s(d) = d**2 + 13*d - 28. Calculate s(-15).
2
Let z(j) = 3*j**2 + j + 1. Determine z(-3).
25
Let x(w) = -w**3 - w + 3. What is x(2)?
-7
Let l(c) = 19*c + 97. What is l(-5)?
2
Let d(p) = -p**3 + 8*p**2 - 14*p + 10. What is d(6)?
-2
Let k(w) = w**2 - 24*w + 17. Give k(23).
-6
Let z(o) = -15*o**2 - o - 2. What is z(-1)?
-16
Let a(h) = -h**2 - 27*h - 110. What is a(-22)?
0
Let r(d) = d**3 + 11*d**2 - d - 7. What is r(-11)?
4
Let t(z) = z**2 - z - 2. Give t(8).
54
Let i(l) = -41*l**3 - 1. Give i(-1).
40
Let g(v) = v**2 - 9*v - 24. Give g(6).
-42
Let g(n) = -n**3 - 9*n**2 - 8*n + 10. What is g(-5)?
-50
Let y(u) = -u**2 + 8*u + 16. Give y(-4).
-32
Let i(v) = -6*v**3 + 4*v**2 - v + 2. What is i(2)?
-32
Let w(h) = -h**3 - 26*h**2 - 73*h - 68. Calculate w(-23).
24
Let d(n) = n**2 + 9. What is d(0)?
9
Let m(j) = j**2 + 21*j + 4. Give m(-9).
-104
Let w(c) = c**3 - 2*c**2 - 6*c + 7. Calculate w(0).
7
Let h(k) = k + 1. Calculate h(5).
6
Let v(j) = -j - 13. What is v(0)?
-13
Let f(k) = -k**3 - 15*k**2 - 36*k - 13. Determine f(-12).
-13
Let i(c) = 2*c**2 + 4*c + 1. Give i(-1).
-1
Let a(h) = 2*h**3 + 4*h**2 + 3*h + 2. What is a(-2)?
-4
Let j(w) = -3*w**3 - 2. Determine j(-2).
22
Let u(j) = 2*j**3 - 8*j**2 - 6*j - 5. Calculate u(5).
15
Let i(h) = -h**2 - 12*h - 6. Calculate i(-11).
5
Let z(x) = -x**2 - 14*x - 27. Give z(-11).
6
Let l(o) = o**2 - 18*o + 13. What is l(13)?
-52
Let q(c) = 7*c - 72. Determine q(9).
-9
Let f(t) = t**3 + 3*t**2 - 4*t - 3. What is f(-4)?
-3
Let i(z) = -z**3 - 5*z**2 + z + 6. Determine i(-5).
1
Let i(g) = -g**3 + 10*g**2 + 3*g - 14. Determine i(11).
-102
Let x(o) = 2*o**2 - 18*o + 1. Give x(8).
-15
Let a(k) = -2*k - 37. Calculate a(0).
-37
Let t(l) = 13*l + 1. What is t(-2)?
-25
Let b(f) = 6*f**3 - f**2 - 12*f + 13. Calculate b(1).
6
Let k(a) = 8*a + 220. Calculate k(-28).
-4
Let u(h) = h**2 - 32*h + 168. Calculate u(7).
-7
Let v(t) = t**2 - 14*t + 35. Determine v(11).
2
Let r(x) = -x**3 + 3*x**2 - 2*x + 1. Determine r(2).
1
Let z(x) = 2*x**3 - 34*x**2 - 38*x + 31. Determine z(18).
-5
Let x(m) = m**3 + 15*m**2 - 19*m + 31. Determine x(-16).
79
Let q(c) = 3*c**3 + 49*c**2 + 15*c - 12. What is q(-16)?
4
Let y(x) = -4*x**2 + 7*x - 4. Calculate y(4).
-40
Let u(h) = 126*h - 372. Determine u(3).
6
Let h(p) = -p**3 - 4*p**2 - 30*p - 180. What is h(-5)?
-5
Let a(h) = -h**2 + 25*h + 31. Calculate a(23).
77
Let d(l) = l**3 - 8*l**2 - 2*l + 18. What is d(8)?
2
Let u(w) = -12*w**3 - w**2 + 2*w + 2. Calculate u(-2).
90
Let x(u) = -u**2 + 18*u + 19. Determine x(19).
0
Let z(n) = -n**2 - 28*n - 23. What is z(-27)?
4
Let u(o) = -3*o + 20. Give u(6).
2
Let v(z) = -2*z**2 - 11*z - 1. What is v(-2)?
13
Let x(c) = c**3 - 9*c**2 + 2*c - 4. Calculate x(8).
-52
Let s(h) = h**3 - 6*h**2 - 3. Calculate s(6).
-3
Let b(v) = -5*v**3 - 2*v**2 - 5*v - 3. Give b(-1).
5
Let v(z) = -2*z**2 - 21*z - 13. What is v(-10)?
-3
Let x(g) = -g**2 + g - 18. Determine x(0).
-18
Let x(n) = n**2 - 61*n + 775. What is x(43)?
1
Let l(b) = b - 16. Determine l(18).
2
Let z(a) = -a**3 - 5*a**2 - 4*a - 2. Determine z(-4).
-2
Let w(h) = -2*h - 40. Determine w(-11).
-18
Let j(h) = h**2 + 10*h + 30. Give j(-3).
9
Let l(x) = -3*x - 2. Calculate l(-8).
22
Let j(p) = -48*p + 244. Determine j(5).
4
Let p(g) = 4*g + 18. Calculate p(-6).
-6
Let n(y) = y**3 + 5*y**2 - 6*y - 3. Calculate n(-7).
-59
Let b(u) = u**3 + 11*u**2 + 9*u - 8. Determine b(-10